ainder when 31832371 is divided by 29.
28
What is the remainder when 3551127551 is divided by 896?
895
Calculate the remainder when 17204506 is divided by 17204491.
15
What is the remainder when 12919087 is divided by 1456?
1455
What is the remainder when 979988 is divided by 210?
128
What is the remainder when 18980 is divided by 9313?
354
Calculate the remainder when 414581 is divided by 27.
23
What is the remainder when 4707266 is divided by 1492?
6
Calculate the remainder when 7187937 is divided by 47289.
9
Calculate the remainder when 54019 is divided by 332.
235
What is the remainder when 33016977 is divided by 10?
7
What is the remainder when 167804 is divided by 66?
32
What is the remainder when 2881133 is divided by 16?
13
Calculate the remainder when 1804626 is divided by 3348.
54
Calculate the remainder when 15581614 is divided by 27.
22
What is the remainder when 353694123 is divided by 6059?
6057
Calculate the remainder when 3420574 is divided by 888.
886
What is the remainder when 69515 is divided by 31?
13
Calculate the remainder when 5246089 is divided by 24399.
304
Calculate the remainder when 316482 is divided by 910.
712
Calculate the remainder when 2036151 is divided by 23952.
231
Calculate the remainder when 468272 is divided by 66893.
21
What is the remainder when 131029 is divided by 21783?
331
Calculate the remainder when 37525821 is divided by 16.
13
What is the remainder when 174646 is divided by 13?
4
Calculate the remainder when 282804419 is divided by 866.
861
What is the remainder when 682941 is divided by 232?
165
Calculate the remainder when 5692080 is divided by 83.
23
What is the remainder when 12044957 is divided by 1944?
1877
What is the remainder when 14309375 is divided by 2384892?
23
Calculate the remainder when 17090924 is divided by 899521.
25
What is the remainder when 1579823 is divided by 106?
105
Calculate the remainder when 11916866 is divided by 45.
11
Calculate the remainder when 24939721 is divided by 195.
1
Calculate the remainder when 2949287 is divided by 1065.
302
Calculate the remainder when 42266729 is divided by 55.
54
Calculate the remainder when 8534715 is divided by 1111.
13
Calculate the remainder when 7824228 is divided by 46.
42
Calculate the remainder when 3544103 is divided by 11110.
13
Calculate the remainder when 15439861 is divided by 609.
493
What is the remainder when 76215 is divided by 117?
48
Calculate the remainder when 7492748 is divided by 79710.
8
What is the remainder when 23103 is divided by 2241?
693
Calculate the remainder when 3815 is divided by 248.
95
What is the remainder when 4034380 is divided by 45?
40
Calculate the remainder when 9247039 is divided by 26803.
4
Calculate the remainder when 7033609 is divided by 39.
37
Calculate the remainder when 964039 is divided by 626.
625
What is the remainder when 383545 is divided by 44?
41
What is the remainder when 1203811 is divided by 1501?
9
What is the remainder when 26032 is divided by 805?
272
What is the remainder when 242159 is divided by 43?
26
Calculate the remainder when 143897766 is divided by 406.
404
What is the remainder when 867784 is divided by 14961?
46
What is the remainder when 121724 is divided by 235?
229
Calculate the remainder when 897937 is divided by 6.
1
What is the remainder when 1265097 is divided by 4774?
4761
What is the remainder when 53720 is divided by 53424?
296
Calculate the remainder when 3329648 is divided by 1172.
1168
Calculate the remainder when 171634 is divided by 626.
110
Calculate the remainder when 216012 is divided by 30523.
2351
Calculate the remainder when 421797 is divided by 455.
12
What is the remainder when 22224263 is divided by 226778?
19
What is the remainder when 33387 is divided by 33359?
28
What is the remainder when 3373595 is divided by 843387?
47
Calculate the remainder when 1102125 is divided by 294.
213
Calculate the remainder when 240301 is divided by 1162.
929
Calculate the remainder when 20241417 is divided by 697976.
113
Calculate the remainder when 132284071 is divided by 539.
535
What is the remainder when 9186 is divided by 1767?
351
Calculate the remainder when 119217 is divided by 1335.
402
What is the remainder when 160998893 is divided by 50?
43
Calculate the remainder when 942009 is divided by 797.
752
Calculate the remainder when 7349940 is divided by 373.
348
Calculate the remainder when 20094718 is divided by 10047359.
0
Calculate the remainder when 1170122 is divided by 23.
20
Calculate the remainder when 3981659 is divided by 209.
0
What is the remainder when 573391 is divided by 286163?
1065
What is the remainder when 273552 is divided by 254?
248
Calculate the remainder when 1963031 is divided by 459.
347
What is the remainder when 578924 is divided by 116?
84
What is the remainder when 8682562 is divided by 148?
142
What is the remainder when 3605270 is divided by 138653?
292
Calculate the remainder when 129739 is divided by 1467.
643
What is the remainder when 1009264 is divided by 212?
144
Calculate the remainder when 10726606 is divided by 1753.
1752
What is the remainder when 832282 is divided by 834?
784
Calculate the remainder when 6938109 is divided by 2372.
9
Calculate the remainder when 3001444 is divided by 2704.
4
What is the remainder when 160583 is divided by 51928?
4799
Calculate the remainder when 8027607 is divided by 552.
423
What is the remainder when 9561151 is divided by 2564?
2559
What is the remainder when 1828313 is divided by 166?
155
What is the remainder when 2494745 is divided by 50?
45
What is the remainder when 666943 is divided by 606?
343
What is the remainder when 125775 is divided by 978?
591
What is the remainder when 710053 is divided by 183?
13
What is the remainder when 6814 is divided by 571?
533
Calculate the remainder when 2551340 is divided by 2551285.
55
What is the remainder when 524427 is divided by 234?
33
Calculate the remainder when 5101792 is divided by 279.
277
Calculate the remainder when 4699737 is divided by 3219.
3216
Calculate the remainder when 417512 is divided by 46388.
20
Calculate the remainder when 1224522783 is divided by 2395.
2393
What is the remainder when 13730250 is divided by 4576746?
12
What is the remainder when 44619 is divided by 56?
43
What is the remainder when 4080278 is divided by 58?
36
Calculate the remainder when 8273395 is divided by 198.
163
What is the remainder when 294583 is divided by 145812?
2959
What is the remainder when 133007 is divided by 1298?
611
Calculate the remainder when 68325009 is divided by 756.
753
Calculate the remainder when 9413042 is divided by 313768.
2
What is the remainder when 19506310 is divided by 2438288?
6
Calculate the remainder when 2319434 is divided by 1175.
1159
What is the remainder when 278480 is divided by 158?
84
What is the remainder when 810419 is divided by 17237?
280
What is the remainder when 3188368 is divided by 1859?
183
Calculate the remainder when 205703 is divided by 2635.
173
What is the remainder when 1652600 is divided by 174?
122
What is the remainder when 20220 is divided by 4032?
60
What is the remainder when 129739 is divided by 4044?
331
What is the remainder when 1225398 is divided by 1448?
390
What is the remainder when 28448789 is divided by 1521?
5
What is the remainder when 278735 is divided by 635?
605
What is the remainder when 12359354 is divided by 27?
23
What is the remainder when 1607704 is divided by 122?
110
Calculate the remainder when 113892 is divided by 287.
240
What is the remainder when 260873 is divided by 37204?
445
What is the remainder when 466131 is divided by 67?
12
What is the remainder when 17549 is divided by 2954?
2779
What is the remainder when 1950160 is divided by 24?
16
Calculate the remainder when 114567083 is divided by 38189023.
14
Calculate the remainder when 1883355 is divided by 136.
27
What is the remainder when 20718545 is divided by 241?
16
What is the remainder when 2075415 is divided by 1037648?
119
What is the remainder when 31845 is divided by 2009?
1710
Calculate the remainder when 2386350 is divided by 82286.
56
Calculate the remainder when 218530 is divided by 54627.
22
What is the remainder when 12474 is divided by 4197?
4080
What is the remai